*(-1)/1. Suppose -k + 4*t = 5, -a = -2*k + 4*t - 3. Suppose -241 = -k*y + 83. What are the prime factors of y?
2, 3
Let l = 59 - 62. Let o be ((-3)/(-9) - 1)*9. List the prime factors of l*(-4)/(-72) + (-871)/o.
5, 29
Suppose -12*n = -14*n - 3*k - 11, 1 = -n - 3*k. What are the prime factors of 286/33 + n - 595/(-3)?
197
Suppose 1050 + 550 = b. Let f = -981 + b. List the prime factors of f.
619
Let y(d) = 16*d**3 + d**2 + 3*d - 1. Let v be y(2). Let w be 7*-1 + 2160/(-45). Let c = v + w. List the prime factors of c.
2, 41
Suppose 86 - 356 = -q - a, -3*q + 3*a = -834. Suppose -q = 9*u + 239. List the prime factors of (-6 - u)*(1 - 0).
3, 17
Let q(j) = j**2 - 10*j + 13. Let w(c) = -c**2 + 7*c + 25. Let m be w(9). Let x be q(m). What are the prime factors of (-502)/x - (-6)/(-8)?
2, 31
Let f be 16692/858 + (-6)/(-11). Suppose 10178 = -6*k + f*k. What are the prime factors of k?
727
Suppose 0 = -q + 159 + 2463. Suppose -5*t = 4*m - q, t + 5*m = -2*t + 1568. What are the prime factors of t?
2, 263
Let s(u) = u**3 + 22*u**2 + 29*u + 13. Let r be s(-21). Let y = r + 195. What are the prime factors of y?
2, 5
Let w = 43 + -47. Let j(c) = 18*c + 14. Let u be j(w). Let t = u + 178. What are the prime factors of t?
2, 3, 5
Let w(z) = -2*z**3 + 5 - z + 8 + 3*z**3 - 16. Let t be w(2). Suppose -6*s = -t*s - 51. What are the prime factors of s?
17
Let b be (-8)/3*3/(-2). Suppose -5*j - 87 = 5*v - 402, 0 = b*j - v - 277. Suppose 0*q - j = -2*q. What are the prime factors of q?
2, 17
Suppose 16*f - 3190 - 714 = 0. Suppose 80 = 3*g - f. What are the prime factors of g?
2, 3
Let a(x) = -2*x**2 + 15*x + 13. Let u be a(7). What are the prime factors of 2003/5 + (-4)/(u/3)?
2, 5
Let j(w) = -w**2 + 25*w - 15. Let c be j(24). Let z be (-3)/((-26)/35 + c/63). Suppose t + u = -u + 98, 0 = 4*t + z*u - 395. What are the prime factors of t?
2, 5
Let l = -9607 + 13734. List the prime factors of l.
4127
List the prime factors of (-6)/4*1062222/(-441).
3613
Let x(k) = -k**3 + 6*k**2 + 7*k + 1. Let i be 14/(-28) + 30/4. Let o be x(i). Let j(y) = 38*y**2 + y. List the prime factors of j(o).
3, 13
Let o(z) = -32*z**3 + 2*z**2 - 2*z + 18249. What are the prime factors of o(0)?
3, 7, 11, 79
Suppose -10*h + 55 - 5 = 0. Suppose -4*o = -h*o + 183. What are the prime factors of o?
3, 61
Let h = 1488 + 4746. What are the prime factors of h?
2, 3, 1039
Suppose 3*a - 4*n - 42474 = 0, 16*a + 70818 = 21*a - 2*n. What are the prime factors of a?
2, 3, 787
Let d(z) = -5*z - 3. Let s be d(-1). List the prime factors of (-9)/(2 + (-149)/37 + s).
3, 37
Suppose 2*j - 42137 = 5*i, -6*j + 3*i + 162956 = 36533. What are the prime factors of j?
19, 1109
Let t = 14116 + -7828. What are the prime factors of t?
2, 3, 131
Let d = -124 - -121. Let g(u) = u**3 + 3*u**2 + 7*u + 14. Let i be g(d). List the prime factors of 5/35 + (-2022)/i.
17
Suppose -3*t - 3*m = 2*m - 1409, 4*t = 4*m + 1868. Let s = t - 105. List the prime factors of s.
3, 11
Let m be ((-28)/(-3))/(14/(-1449)). Let n = m - -1408. What are the prime factors of n?
2, 13, 17
Suppose -86*a + 310250 = -320302. List the prime factors of a.
2, 3, 13, 47
Let k = 536 - 516. Suppose 1132 = 4*g - 4*o, 14*o + k = 10*o. List the prime factors of g.
2, 139
Let w(v) = -v**3 + 21*v - 10. Let m be w(-7). Let n = m - -256. What are the prime factors of n?
2, 13, 17
Let b(v) be the first derivative of -v**4/4 + 14*v**3/3 - 7*v**2 + 13*v - 21. Let d be b(13). Let y = d - -25. List the prime factors of y.
5
Let a(f) be the first derivative of -29/2*f**2 + 15 - 1/3*f**3 + 17*f. What are the prime factors of a(-25)?
3, 13
Suppose -5*b + 5*g + 19 = 3*g, 2*b + 3*g - 19 = 0. Let u = -634 - -638. What are the prime factors of (b - u) + 53 - 3?
3, 17
Let w(n) be the second derivative of -n**4/12 + 7*n**3/6 + 5*n**2 - 22*n. Let o(q) = -q**3 + q**2 - 2*q + 8. Let x be o(0). What are the prime factors of w(x)?
2
Suppose c - 70 - 106 = 3*d, 0 = 3*c - 4*d - 518. Let q(z) = -z**3 - 11*z**2 - 8*z - 1. Let n be q(-12). Let f = n - c. What are the prime factors of f?
3, 23
Let f(m) = -122*m - 50. Let d(r) = 243*r + 101. Let y(j) = 4*d(j) + 9*f(j). List the prime factors of y(-3).
2, 83
Let q = 5432 - -33196. What are the prime factors of q?
2, 3, 29, 37
Let a = -16607 + 20564. List the prime factors of a.
3, 1319
Let b(u) = -6*u**3 - 2*u**2 + 8*u + 17. Let i be b(-6). Suppose 3*l - 1181 = 2*v, v = 3*l + 5*v - i. List the prime factors of l.
5, 79
Suppose -q + 124 = -x - 36, 3*x = q - 478. Let c be 1 + 2 + x/(-3). Let o = c + -26. What are the prime factors of o?
2, 3, 5
Let u(b) = 3*b**2 + 19*b + 44. Let j be u(-3). Suppose -2*d = -2*r - 1900, j*d + 2874 = 17*d + 5*r. What are the prime factors of d?
953
Suppose 63*y + 437784 = 80*y - 9*y. List the prime factors of y.
3, 17, 29, 37
Let m(b) = -1221*b**3 + 44*b**2 + 87*b - 1. List the prime factors of m(-2).
9769
Suppose 0*n = 4*y - n + 381, -y - 114 = -4*n. Suppose -39*p + 37*p - 78 = 0. Let q = p - y. List the prime factors of q.
5, 11
Let j = -3554 - -9282. List the prime factors of j.
2, 179
Let y(j) be the third derivative of j**6/30 + 29*j**4/24 + j**3/2 + 49*j**2. What are the prime factors of y(6)?
3, 347
Suppose -25287 = 6*m - 46785. What are the prime factors of m?
3583
Let v(k) = 122*k + 93. Let s(c) = 41*c + 30. Let r(l) = -17*s(l) + 6*v(l). List the prime factors of r(9).
3, 11
Let u be (-3 + (-3 - -7))*(154 + 5). Let i = 315 - u. What are the prime factors of i?
2, 3, 13
Let i(r) = 4*r + 58. Let t be i(-18). Let m(z) = 3*z**2 + 34*z - 42. What are the prime factors of m(t)?
2, 5, 7
Suppose 4*r + 22757 = -409*p + 410*p, -68118 = -3*p - 5*r. What are the prime factors of p?
22721
What are the prime factors of ((-17)/3)/(7846/(-1569) - -5)?
17, 523
Let a = 15651 - 5598. What are the prime factors of a?
3, 1117
Let l = 42 - -36. Let a = -76 + l. Suppose 4*u + 472 = 2*s, -a*s + 680 = s + u. List the prime factors of s.
2, 3, 19
Let i = 152 + -56. Suppose 24*m - i = 20*m. What are the prime factors of (m/(-32))/((-2)/104)?
3, 13
Suppose -11*w + 567 = -2*w. Let o = w + -28. Suppose k - 106 = o. What are the prime factors of k?
3, 47
What are the prime factors of -12*(-3130)/40 + 2?
941
Let h be (136/12)/(10/(-9) - -1). Let t be (h/(-24))/(-2 - (-50)/24). What are the prime factors of (t/(-6) + -1)*-12?
2, 3, 19
Let m be 10/(-8) - 90009/(-36). Suppose 0 = -m*t + 2500*t - 751. What are the prime factors of t?
751
Let n be -4*70/(-168)*(0 + 3). Let j be -29*(-2 + -1 + 0). Suppose -j = -n*x + 118. What are the prime factors of x?
41
Let b = -761 + 757. List the prime factors of (-1 - (b - -1140))/(-1).
3, 379
Let b(v) = -7*v**3 + 5*v**2 + 2*v - 14. Let i be b(3). Let s = 87 - i. List the prime factors of s.
239
Suppose -4*n - 37 = 35. What are the prime factors of 30*(2/n - (-1434)/270)?
2, 3, 13
Let q = -20 + 98. Let c = q - 78. Let j(l) = 4*l + 137. What are the prime factors of j(c)?
137
Suppose 0 = -2*h + 3*p - 3312, 1966 = -2*h - p - 1362. Let w = h - -2406. List the prime factors of w.
2, 3, 31
Let n(s) = -18*s + 9. Let b(l) = -4*l + 17. Let f(q) = 4*q - 16. Let y(k) = -4*b(k) - 5*f(k). Let g be y(4). What are the prime factors of n(g)?
3
What are the prime factors of 6/18*(-24)/(-14) - 5348928/(-336)?
2, 5, 199
Suppose 2*z = -3*d + 4*d + 70, -5*d - 54 = -2*z. Suppose 0*n + s = 4*n - z, 5*s - 65 = -5*n. Suppose -100 = -5*o + n. List the prime factors of o.
2, 11
Suppose 2*l - 107 = -11. Suppose l = -u + 4*u. Suppose u = 5*a + d, -5*a + 3*d + 42 - 10 = 0. What are the prime factors of a?
2
Suppose 2*g = 443 + 103. Suppose 1603 - 361 = -9*x. Let v = x + g. What are the prime factors of v?
3, 5
Let z(p) = p**3 + 3*p**2 - 12*p - 5. Let h be (5/(-4))/(1/4). Let n be z(h). Suppose -68 = n*a - 393. What are the prime factors of a?
5, 13
Let p(f) be the first derivative of f**3 + 5*f**2/2 - 9. Let b(i) = i**2 + 5. Let k be b(0). What are the prime factors of p(k)?
2, 5
Let v be 2/(-5) - 2952/(-5). Suppose -2*m = 3*m - v. Suppose -2*t + 3*t + c = m, 3*t + c = 352. List the prime factors of t.
3, 13
Let l be 8 + -4 + 1*-2. Suppose -3*v = 0, -2*f - l*v + 14 = -0*f. Suppose f*h = 10*h - 222. What are the prime factors of h?
2, 37
Let n(z) = -3*z + 2. Let m(y) = -3*y + 36. Let a(x) = m(x) + 2*n(x). Suppose -3*h - 13 = 35. W